.
4
Calculate -457 + 430 - (-93 + (2 - -1)).
63
Calculate (29 - 40) + 22 + -12 - (-1 + (3 - 2)).
-1
Evaluate 5 + -3 + 12 + (5 - (1 - -4)).
14
What is the value of 5 + -7 + 5 - (-319 + 330 - (-1 - 85))?
-94
12 + -18 + 13 - (-37 - (-3 + 1 + -6))
36
(8 - -2) + ((-52 - -76) + -17 - (2 + 82))
-67
What is -46 + 5 - (0 + 11 - 11)?
-41
What is the value of (3 - (12 - (10 - 12))) + 27 + 8?
24
What is (-43 - -54) + -10 - 60?
-59
What is (-49 - 1) + -1774 + 1877?
53
What is the value of -21 - (41 + -24) - -58?
20
Calculate 11 - (-3 - -34) - (84 - 231).
127
Evaluate 6 - 0 - 2 - (36 + -29 + -34 + 8).
23
Evaluate 17 - (-50 + 99 + -28).
-4
What is the value of -21 - 0 - (669 + -680 + 2 + 7)?
-19
Calculate 17 - (-16 + (18 - (-103 + -3 - -5))).
-86
(-3 - 133) + -8669 + 8759
-46
-1 + (-5 + 4 - 2) + 26 + 0 + -28
-6
Calculate -20 - (5 - 26) - (61 - 10 - 6).
-44
What is the value of -31 + 107 + -52 + -5?
19
Evaluate 317 - 332 - ((-7 - -13) + -128).
107
Calculate 9 + 16 - ((15 - 15 - -9) + -20).
36
What is the value of -1 + 76 + -10 + -127?
-62
33 + -12 + -5 + (11 - 59)
-32
2 + -55 + 18 + (60 - 61)
-36
Evaluate (-87 - -129) + -49 + 1 + -3 + (2 - -111).
104
-59 + 32 + (-19 - -37)
-9
Evaluate 16 + (-5 - 11) + (44 - 10) + -18 + -109.
-93
What is the value of 47 + (78 - 24 - 59)?
42
Calculate -28 + (64 - 46) - (-10 - (-6 + 3)).
-3
What is the value of (19 + -33 - (-2 - 2) - 14) + -12 + 21?
-15
What is -40 + -53 + 110 + -62?
-45
-25 - (-124 - (-45 + 8))
62
What is (-50 + 32 - 28) + -6 + 127?
75
(-315 + 373 - (21 - 2)) + -6
33
Calculate -1 + -80 - (22 + (-37 + 9 - (-17 + 14))).
-78
What is the value of (5 + (3 - 10) - (2 + 2)) + -1?
-7
Calculate 2 - ((5 - 0) + 1) - 4 - -12 - 85.
-81
Calculate (-3 + -2 + 6 - (-78 - -42)) + -9.
28
What is 1 + 0 + (-13 - (33 - 56))?
11
What is the value of (2 + (-13 - -13) - -7 - 15) + (3 - -68)?
65
What is the value of (151 - 152 - (-9 - -10)) + -68?
-70
Evaluate 218 + -162 + (-5 - (-1 - 1) - 2).
51
Calculate (-736 - -717 - (1 - -1)) + 15.
-6
What is 3 - (-53 + 118) - -5?
-57
Evaluate (0 - -59) + (305 + -314 - (0 + 0)) + 13.
63
Calculate 3 + (73 - 19 - 38) + (-5 - 1 - -2).
15
What is the value of -23 - -42 - -43 - (-18 - -6)?
74
What is the value of (-22 - 0) + (120 - (70 + 21)) - (-42 + 0)?
49
29 + -42 + -5 + 13
-5
What is the value of 123 - 136 - (4 + -50)?
33
Evaluate -9 + (1 - -3 - (-15 + 30 - (-17 - -9))).
-28
Evaluate -62 + (97 - 9) + -51.
-25
What is 56 + -67 + (-62 - -30) + (3 - -1)?
-39
Calculate -681 - -693 - (1 - 33).
44
Evaluate 9 - (-11 - -4) - (144 - 173).
45
Evaluate 83 + (-1 - 110 - -119).
91
What is (-12 - -27) + -15 - (21 - 57)?
36
What is -101 - (-4 - (-498 - -490 - (1 + 1 - 13)))?
-94
What is the value of -1383 + 1377 + (1 - (-3 + 54))?
-56
Calculate (235 + -43 - 141) + 58.
109
What is -110 + 1 + (257 - 105) + -141?
-98
Calculate -26 + 16 + 69 + -2 - 14.
43
What is 15 + -15 + (2 - (4 + -29)) + -8 + 7?
26
What is 11 + -47 + -10 - 15 - (14 + -11)?
-64
-9 + (-13 - 1) + 113 + -23 + -67
0
Calculate 5 + -25 + 45 + -104 - -6.
-73
Evaluate -57 - (29 - (9 + -11)) - -11.
-77
What is -10 - (-28 - (-20 - -15) - -31)?
-18
Evaluate -14 - (-5 - 0) - (18 + 1) - (-11 + 6).
-23
What is the value of 123 + -167 + (19 - -7)?
-18
What is the value of (-17 - -1) + (-325 - (-744 - -324))?
79
What is 1 - (2 - 25) - (-179 - -175)?
28
-5 + 0 - ((-52 - 2) + -26 + 37 + -19)
57
Calculate (-30 + 37 - 7 - (1 + 0)) + 16 - 2.
13
39 + (-92 - (167 + -116))
-104
6 + -1 + -33 + -24 + (11 - -10)
-31
What is the value of -76 + (8 + 7 + -46 - (-19 - -2))?
-90
Calculate (-9 - -2) + -63 - 16.
-86
What is 385 + -405 + 3 + 54?
37
Calculate -3 - -19 - (-13 - -8 - -12) - 6.
3
-52 + (-8 - -45) + 3 + -12
-24
What is 4 + (-49 - -2) - ((4 - 2) + 25 + -33)?
-37
Evaluate -20 + 17 + (-9 - (-12 - -19)).
-19
What is -61 + ((9 - (-3 + 6)) + 4 - (-25 + 26))?
-52
Calculate 20 - -16 - -4 - (-3 - (-3 + -10)).
30
Calculate 20 + (-28 - (17 - 26)) + (2 - 82).
-79
What is -120 - -104 - (5 - (9 + 2))?
-10
What is the value of 33 + -3 + 1 - (23 + (26 + -63 - -25))?
20
Evaluate -5 + (56 - -3) - (11 + -63 + 53).
53
What is 18 - 16 - (0 - -14) - (26 + (-23 - 1))?
-14
Evaluate -1 + -210 - (2569 - 2669).
-111
(1983 - 1998) + (-77 - (-3 - (5 + -8)))
-92
Evaluate 23 - (90 + 13 + -81).
1
What is the value of (2 - 16) + (-60 - (-49 + 15 + 16))?
-56
161 + -156 - (46 + -5) - -97
61
What is 250 + -119 + -91 + -17?
23
What is 9 - (15 + -15 - 4) - 0 - 104?
-91
What is the value of (-19 - (2 - 5)) + 5089 + -5021?
52
What is the value of -28 - (-46 + 23) - (146 - (11 - 2))?
-142
What is (35 - 28) + (-223 - -173)?
-43
What is the value of -21 + (20 + (-30 - 5) - 15)?
-51
What is the value of (-45 - -23) + (-4 - -1) + 0 - (29 + -31)?
-23
What is -17 + -6 - (38 - 18)?
-43
Calculate 26 + (-33 - -14) + (-5 - (-5 - -11)).
-4
What is the value of (43 - 18) + -50 + -22 - -68?
21
Calculate -11 + (12 - -7) + 15 + -4 + -16.
3
Evaluate 27 + (364 - 374) - (1 + (0 - -93)).
-77
What is 73 + -6 + -5 + 1 + (11 - 2) - 4?
68
What is 1252 - 1204 - (4 + 153)?
-109
Calculate (13 - 13) + -8 - -20 - (43 + -7).
-24
Calculate 39 - -33 - 5 - 112.
-45
Calculate -1 + 29 - (-40 - -35) - (15 - 2).
20
What is the value of (0 - -57) + (522 - 574)?
5
What is (-2 + 0 - (5 - -5)) + (-124 - (-139 - -86))?
-83
144 + -126 - (91 + 4 + 6)
-83
Calculate 87 + (-4 - 68) - -32.
47
What is the value of (59 - (20 + -19)) + (-16 - -18) + -24?
36
What is the value of -9 + -3 + 1 + 31?
20
Calculate -19 + 7 - (-44 + -8 + (13 - (9 - -9))).
45
Evaluate -16 - -34 - -4 - (-25 + -13 + -18).
78
Calculate (3 - -7) + -60 + (102 - 63).
-11
5 - (10 - 126 - (-8 + -6)) - -12
119
What is the value of 48 + (-7 - -3 - ((14 - 13) + (-2 - 8)))?
53
6 + 38 + -16 - (34 + -18 - -3)
9
Evaluate 91 - (93 - (-168 - -89)).
-81
8 + -25 + -44 + 129
68
Calculate 62 + (-27 - 42) - -77.
70
(4 - (12 - 3 - 3)) + -9 + -2
-13
What is -63 + (-105 - -151) + -17?
-34
Evaluate (19 - (35 - 78)) + -28.
34
What is 4 + -1 + 13 + (66 - 0) + -72?
10
What is -7 + (1 - (31 - 75))?
38
Evaluate 27 + -59 + 20 + -18.
-30
Evaluate 1 + -1 + 3 - ((-48 - -85) + -40).
6
What is the value of -11 - ((36 - 19) + -10 + (7 - (1 + 2)))?
-22
-26 + 50 + -23 - (56 - (2 - 0))
-53
Evaluate 837 + -822 + 79 + -1 + 3 - (0 + 11).
85
What is the value of 4 - 31 - -26 - (1 + -3 + -15) - -80?
96
What is the value of -25 - (12 - (9 + 18))?
-10
Calculate 4 + 50 + (-1 + 10 - (106 - 106)).
63
(302 - 238) + -6 + 2
60
Calculate (-22 - -6) + (-38 - -93).
39
(-16 + 35 - (29 + 3)) + (-39 - (-1 - -1))
-52
What is -31 + 24 + -70 + 84?
7
Calculate (0 - 26) + (-126 - (-61 + -119)).
28
What is the value of 53 + 44 + -64 + 14?
47
What is the value of -17 + 1 + (12 - (16 + 0))?
-20
What is 73 + 0 - ((13 - 29) + 7 + -9)?
91
What is 2 + -3 + -22 - (24 + (-14 - 61))?
28
Evaluate -4 + 0 + 18 + -46 + -14 + 20.
-26
What is the value of (-8 + 16 + -8 - -25) + 12 + -1?
36
What is -82 - (-144 + 149 - (0 + -2 + 7 + -2))?
-84
Calculate -29 - 0 - (1237 + -1272) - -82.
88
41 + -1 + (15 + -6 - -4) + 3
56
What is the value of -12 + (-9 - (21 + -1 + 191 + -191))?
-41
Evaluate -59 + (2 + -1 + 15 - (1070 - 1062)).
-51
(65 - (157 - 76)) + -1 + (-2 - 2 - -2)
-19
What is the value of -2 + 3 - 5 - 2 - (2 + 22 + -96)?
66
41 - (19 - (-17 + 38 - 14))
29
What is 14 + 81 + (-5 - (28 - 14))?
76
What is the value of -134 + -264 + 400 + (-87 - 1) + (-2 - -2)?
-86
Calculate 18 - -2 - ((101 - 12) + 23).
-92
Evaluate (-41 - (15 + 38) - -39) + -2 + -7.
-64
Calculate -32 + (13 - -14) + 30 + -15.
10
What is 0 + (14 - 7 - 20 - (11 - (5 - -4)))?
-15
Evaluate 9 + -6 + 29 + -2 + -12 + 4.
22
Evaluate -15 - -25 - 6 - 98 - -8.
-86
What is 4 + 2 + -1 - (5 - -39 - 57)?
18
What is -12 - 1 - ((31 - 13) + -34)?
3
Calculate 125 + (87 - 191) + (-107 - -4).
-82
What is (20 - 48) + (-15 - (-19 + 32))?
-56
-2 + (10 + -2 - 7) - (1 - 7 - 7)
12
-28 + 3 + -1 + -319 + 339
-6
What is the value of 78 + (124 - 200) + 67?
69
What is -1011 + 993 - (-1 - 41)?
24
What is -1 - (4 - (3 + -2 + 1)) - (-87 - -98)?
-14
(-6045 - -6007) + (22 - -1) - (49 - -1)
-65
Calculate -11 + -2 - (698 + -690).
-21
-11 + (56 - (7 - (-3 - (-2 + -6))))
43
Calculate -2 + (-23 - (-7 + (25 - 35))) - (-2 + 95).
-101
What is the value of -58 + 40 - (51 - 55)?
-14
Calculate (-78 - -33) + 51 + 21.
27
What is -13 + 9 - (9 + 34 +